 4 + (1 + -11 - -9).
3
Evaluate (-3 - -5) + (-4 - -8) - -6.
12
Calculate -24 + (38 - 20) - -24.
18
Calculate 3 - -1 - (-686 - -690).
0
What is -2 - 2 - -11 - 15?
-8
10 - (-4 + (-7 - -18))
3
Evaluate (-12 - -7 - -16) + -19.
-8
What is 19 - (0 + 17 + -11) - -5?
18
What is -9 + 24 + 6 + -4?
17
Evaluate (0 - -1 - (-7 - -1)) + 6.
13
-13 - (5 + -30 + 22 + -30)
20
What is -12 - -1 - (-23 + -3 + -3)?
18
What is the value of -18 + (39 - 39) - -43?
25
What is the value of -3 + 9 - (-46 - -53)?
-1
What is -4 + 4 + 5 + -5 + 11 + -7?
4
Calculate -126 - -130 - (1 + 1 + 0 + -5).
7
(-14 + 7 - -8) + -4
-3
What is the value of 1 + 3 - (0 - -6 - -7 - -5)?
-14
-3 + 7 + -3 + -9 + 10
2
What is the value of (3 - (8 - 2)) + (-3 - -7 - 17)?
-16
(2 - -1) + (102 + -61 - 30)
14
What is (-9 - -8) + -2 - (3 + (-2 - -1))?
-5
What is (-9 - (-10 - (-10 + 10))) + 2?
3
What is the value of 5 + (18 - (1 - -4)) + 1?
19
Evaluate (43 + 22 - 25) + -45.
-5
Calculate (10 + -1 - 0) + (-3 + -36 - -19).
-11
What is 1 + 14 + -2 + (27 + -5 - 22)?
13
(-42 - -39 - (4 - 5)) + -7
-9
Evaluate 3 + 3 + (-7 - -5) - (6 - 5).
3
Evaluate (5 - 1) + (14 - 33 - (-12 - 12)).
9
What is -1 + 7 + 5 + 1?
12
19 + (15 - (7 + -8 + 9)) - 8
18
What is -24 + 2 - -32 - (1 - -6)?
3
What is the value of (-44 - (-13 + -6)) + 35?
10
Evaluate (11 + 0 - (1 - -14)) + -15.
-19
What is the value of 32 + -8 + -17 + 6?
13
Calculate 18 + -3 + 10 + (-5 - (5 - 0)).
15
Evaluate (8 + -2 + -2 - 11) + 14.
7
What is (23 - (-4 + 9 + -1)) + (-20 - -10)?
9
What is -8 + (18 + -38 - -23)?
-5
Evaluate 9 - ((0 - 3 - -15) + -6) - -9.
12
What is the value of (-1 - 4) + (-11 - -4) - 0?
-12
Calculate -24 + -11 + 18 + -6.
-23
What is the value of 4 - -1 - (9 + -4 + -4)?
4
Evaluate 1 - 1 - (34 + 4 + -32).
-6
Calculate -27 - (3 + (-10 - 0)).
-20
Calculate -35 + -26 + 11 - -25.
-25
-7 - 0 - (-5 + 15 + -15)
-2
Evaluate -1 + 7 + 6 + (-16 - -11) + -34.
-27
-6 - -4 - -23 - 25
-4
What is the value of 4 - (-17 + 17 + 56 + (-11 - 0))?
-41
What is the value of 19 + 2 + (-175 - -133)?
-21
What is (-6 - (-8 + -10)) + -5 + -19?
-12
Evaluate -123 + 117 + 33 + 2 + -6 - 4.
19
Calculate 7 + -18 + (-15 - -16) + (-6 - 1).
-17
What is 1 + -1 + -1 + (-3 - -2) - -6?
4
Calculate 11 + (6 - -1) + -10.
8
What is 510 - 512 - (-10 + -1 - 1)?
10
What is the value of (-8 - -11) + 1 + 0 + 9 + -9?
4
What is -15 + 7 + -5 + 12 + 12 + 0?
11
What is the value of 1 - ((-1 - -27) + -5 - 13)?
-7
Calculate -7 - -14 - (8 + -6 - 5).
10
Calculate 2 - (-16 + 27 - 39).
30
46 + 5 + (41 - 86)
6
11 + (-24 - -13 - (-6 + 1))
5
What is 0 + -1 - (0 - -6 - (13 + 9))?
15
Calculate 4 - 9 - 2 - 6.
-13
What is the value of 5 - (-2 - (-4 + 22))?
25
Evaluate -21 - (4 - 10 - 1).
-14
Evaluate 5 + (9 - 10) - 4 - 7.
-7
Evaluate (2 - 11) + (4 - (-1 + 3) - -1).
-6
Evaluate (-1 - -19) + (16 + -31 - 23).
-20
Calculate 39 + -28 - (41 + -6 - 3).
-21
What is the value of 5 - (0 - -3) - (76 - 74)?
0
Evaluate -4 + (13 - 1 - (25 + 0 + -20)).
3
-2 + 6 + -7 + (-7 - -8) + -15
-17
What is -8 - ((8 - 22) + (1 - 0))?
5
(-26 - (-34 + -7)) + 10
25
Calculate -3 - (8 + 2 + -12).
-1
What is the value of -8 - ((-49 - -52 - (1 - 0)) + -17)?
7
Calculate 0 + -19 - (-1 + (-6 - (2 - 4))).
-14
Evaluate 2 + 2 + -6 + 28 + (-2 - 4).
20
-23 - (3 - (18 - 16))
-24
What is the value of -25 - (-12 + 7 + 13 - 18)?
-15
What is -15 + (0 + -5 + 1 - -12)?
-7
Calculate 4 - -2 - (37 - 22).
-9
What is (31 - 26) + (2 - (-1 - -18)) + 2?
-8
What is 20 + (2 - -19 - 18)?
23
Calculate (10 - -2) + (24 - 44 - -39).
31
Calculate 9 - (-26 + 8 + 12 + -5).
20
What is (-7 - -11) + -15 + 9?
-2
Evaluate (20 - (14 + -4)) + -5 - -12.
17
Calculate (10 + 3 - (51 - 23)) + 14.
-1
Calculate 2 + 9 + -9 + 27 - 9.
20
Calculate 6 - (-10 - -14) - 1.
1
What is (1 + 0 - 4) + -1 + 45 + -36?
5
Evaluate (-1 - 11 - (105 - 134)) + -8 + 0.
9
Calculate (-14 - -12 - -37) + -18.
17
What is (-10 + 5 - -15 - -3) + -5 + 9?
17
What is the value of -1 + 5 + 1 + 4 + -3?
6
Evaluate -8 - -1 - -1 - 2.
-8
Calculate (-2 + 2 - (9 - (-3 - -6))) + 13.
7
What is (-5 - -1) + -7 + -38 + 36?
-13
What is -102 + 124 + -13 + -1 - 8?
0
Evaluate (-4 - -13) + -3 + 5.
11
What is the value of (-2 - 2 - (7 - 8)) + 2 + 2?
1
What is the value of 6 - (7 + -10 + 12 + 0 - 0)?
-3
Evaluate (18 - (58 - 36)) + 0 + -1 + 1.
-4
Calculate 3 - 0 - 9 - (25 - (3 + 8)).
-20
Calculate -78 + 30 - -30 - (-1 - 13).
-4
Evaluate 15 - (6 + -7) - 8.
8
What is -5 - (16 - (19 + 10))?
8
Evaluate -6 - (-4 + 6 + 6 + -5).
-9
What is the value of (7 - 15) + 15 - 14?
-7
Calculate 30 + -36 + 5 + -1 + 2 + 10.
10
Calculate 8 + (-4 - 13) - -11 - 17.
-15
What is the value of (13 - 5) + -23 + 1?
-14
Calculate -9 - (5 + -5 + -10).
1
What is the value of 143 + -145 + (3 - -1) - (-1 + 12)?
-9
What is the value of 14 - 15 - -9 - 11?
-3
Evaluate 22 + -3 + -3 + -29 + 3.
-10
What is -28 - (-10 - 3) - 9?
-24
-3 - (-6 + (-15 - 8))
26
What is the value of (-1 - -26) + 5 + (17 - 28)?
19
11 + 46 + -27 - 14
16
What is the value of 2 + (3 - (-1 + -1)) - (23 - 28)?
12
What is the value of -1 - 2 - (9 - -6) - -5?
-13
Calculate 3 + 2 + (8 - 7) - 5.
1
What is the value of (15 - 30) + 9 - ((-2 - 13) + 2)?
7
Calculate 14 - (-1 + 10) - 14.
-9
Evaluate 48 - (-7 + 14 + 36).
5
What is -25 - 0 - (-15 + 13 + 9 + -14)?
-18
What is the value of (-3 - 4) + 171 + -183?
-19
Calculate 16 - ((-4 + 6 - 4) + -78 + 68).
28
(-11 - -14) + (4 - (7 - -8))
-8
26 + 1 + -2497 + 2499
29
What is -1 - ((8 - (4 - 3)) + -8) - 9?
-9
Evaluate 43 + 1 + -2 + -6 + 0 + -3.
33
(-8 - -2) + 42 + (-67 - -40)
9
Calculate -2 + (-14 + 9 - 0) - -18.
11
What is the value of (2 - -4) + (1 - 1) - (-318 + 318)?
6
-1 - (-18 - (5 - 7))
15
Evaluate -1 + 19 - -2 - (48 + -43 - -4).
11
What is the value of (-10 - -5) + (20 - 23)?
-8
Calculate -33 + 4 + 33 + 19.
23
-3 - (-4 - -3 - 30)
28
Evaluate -1 - (7 + (-2 - 15) - 6).
15
What is 14 - (-9 - (-4 + -12) - (1 - -2))?
10
What is 1 - (1 - 3 - -1) - (0 - -24)?
-22
(2 - (20 - 23)) + 6
11
What is the value of 14 + (6 - 8 - -4 - 4)?
12
Evaluate (7 - 0) + -29 + 25 + -3.
0
Evaluate 3 + 6 + 2 - (-85 - -96).
0
4 + 13 + -9 + -6 + 6
8
What is the value of 1 + 12 + 5 + -6 + -6?
6
Calculate (-14 - (8 + -3)) + 18.
-1
Evaluate 0 + (-3 - (-5 + 9 + 0) - 0).
-7
0 + 4 - (-19 + (45 - 33))
11
Evaluate 22 + (29 - 18) + -15.
18
242 - 220 - (0 - -28)
-6
Calculate (26 - 36 - -46) + -39.
-3
What is the value of 3 - -1 - (-163 + 158)?
9
What is -13 - (3 + 1) - -14?
-3
Evaluate -6 + 7 + (-20 - -2).
-17
Evaluate -3 - -4 - -3 - (-1 + 5 + -2).
2
-4 + (-1 - -8 - 1) + 4 - 7
-1
(2 - 0) + -104 + 91 + 6
-5
What is the value of 1 + (-3 - 7 - -16) + 1 + 12?
20
What is the value of 7 - (-2 + 4) - (5 + 24 + -20)?
-4
What is the value of (-11 - -9 - -4 - 6) + -17 + -1?
-22
What is -17 + (1 - (-3 - 5))?
-8
(3 - 2 - -4) + -5 - (1 - 0)
-1
Evaluate -14 + 7 - -28 - 14.
7
Calculate 1 - (13 + -2) - (31 + -22).
-19
-5 + (10 - (1 + -5 + -1) - 8)
2
What is the value of -710 + 681 - (-40 + 2)?
9
(-2 + (7 - 7) - -13) + 1
12
What is the value of (-74 - -39) + 29 - (-1 + 23)?
-28
What is -11 + -1 + 24 + -12?
0
What is the value of (4 - (-8 + 0)) + (-18 - -8) + 6?
8
What is (24 - (15 - -6)) + -1 + -1 - -19?
20
Evaluate 1 + 16 + -18 + -13.
-14
Calculate 3 + -5 + 1 + 6 - (-256 + 268).
-7
What is the value of (-17 + 2 - (-132 - -130)) + -3?
-16
-6 - 8 - -3 - (-21 - -11 - 36)
35
What is -5 - (9 + -14 - (-1 - 8))?
-9
4 - (11 + -28) - 15
6
Calculate (1 - (-14 - -7)) + -9 + 8.
7
Evaluate -25 - -19 - (-10 - (21 - 3)).
22
-6 + (7 - 6) - (0 - 12)
7
Calculate (-2 - (3 + -2) - -8 - -8) + -7.
6
What is -3 - 17 - ((1 - 2) + -11 + 11)?
-19
(21 - -23) + (-23 - 17)
4
Evaluate 14 + (-28 - 32) + 19.
-27
-4 + (-7 - (-7 + -1) - 3)
-6
Evaluate 9 + 1 + 2 + 10 + -6.
16
-18 + 4 - (37 + -70 + 12)
7
What is -1415 + 1425 + -1 + 1 + -9?
1
What is 3 + (24 - 34) - (13 + -4)?
-16
What is (8 - 0) + (-8 - -2) + 14?
16
Calculate -2 - -1 - (-59 - -66).
-8
Calculate -18 + (28 - 39) + 29.
0
Evaluate -210 + 191 + 0 + (4 - 2) + 4.
-13
Evaluate 4 + (-28 - -10) + -7 - -7.
-14
Calculate -1623 - -1616 - (1 + 1).
-9
Calculate 23 - 11 - (2 + -3 - 0).
13
Calculate 15 + (1 + -5 - (4 + -3)).
10
Calculate (24 - 5) + -13 - (9 - 1).
-2
What is 14 - (-3 - -6 - -33)?
-22
Evaluate (31 - 6 - (12 - (9 + 0))) + 0.
22
What is the value of -10 + -3 + 3 - -4 - -23?
17
What is (3 - (10 